19
Suppose -r - 30 = -5*f, 4*f - 49 = 3*r + 41. Let u = r + 32. Suppose -5*d = -3*k - 357, -3*k + 325 = 5*d + u*k. What are the prime factors of d?
3, 23
Suppose -9*l + 147 = -2*l. Let m = -17 + l. Suppose m*n = 4*w - 424, 0 = 5*w - w - 2*n - 422. What are the prime factors of w?
3, 5, 7
List the prime factors of 4/(-7) - 45/(3465/(-564916)).
2, 7, 131
Let i(k) = k + 41. Let u be i(-23). Suppose -6*s - u = 18. What are the prime factors of s/((-416)/(-4901) + 4/(-26))?
3, 29
Suppose 0 = -2*a + 4*v + 277 + 120125, 0 = -4*a + 5*v + 240810. What are the prime factors of a?
5, 12041
Let o(h) = 5*h**2 + 15*h - 35. Let p(y) = 6*y - 29. Let d be p(6). List the prime factors of o(d).
3, 5, 7
Let z = 0 + 2. Let v(n) = n**2 + n - 6. Let f be v(z). Suppose f = -3*b + 18 + 123. List the prime factors of b.
47
Suppose 4*z - 13 = 2*z - 3*w, 0 = -3*z + 3*w + 12. Let u = -14 - -16. Suppose 0 = 5*q - u*m + 68 - 399, 3*q - z*m = 191. What are the prime factors of q?
67
Let b(i) = -i**2 - 10*i + 9. Let r(x) = -4*x**2 - 30*x + 27. Let l(f) = 7*b(f) - 2*r(f). Let d = 1059 - 1046. List the prime factors of l(d).
2, 3
Let w = 2224 + -1249. Suppose -5*n + 22*y - 17*y + 2430 = 0, 5*y + w = 2*n. List the prime factors of n.
5, 97
Let z(y) = -y**3 + 13*y**2 + 32*y + 27. Let t be z(13). Let g = t - 353. What are the prime factors of g?
2, 3, 5
Let y be (-9)/(-36) + 6/8. Let d(h) = 383*h**3 + 1. What are the prime factors of d(y)?
2, 3
Let l = -20087 - -36267. List the prime factors of l.
2, 5, 809
What are the prime factors of (21 + 318/(-15))/((-1)/27815)?
5563
What are the prime factors of 596562/57 - (5 + -1)?
2, 5231
Let i be ((-3)/(-6))/((-6)/12) - -3. List the prime factors of (-1115 - 0)/(-5) - (i + -4).
3, 5
Let k = 6664 + -6650. Suppose 2*z = 5*r - 2*r - 96, -2*z + r = 100. Let o = k - z. What are the prime factors of o?
5, 13
Let n = 15198 - 8328. What are the prime factors of n?
2, 3, 5, 229
Suppose -2*k = -3*r + 7, r + 3 = -2*k + 16. Suppose 3*f + 7 = 2*q, 2*q + 22 = -q - 2*f. List the prime factors of q*k/(-16) + 190.
191
Suppose 4*i + 680 = -6*i. Let a = i - -75. Suppose 484 = a*w - 412. List the prime factors of w.
2
Suppose -4*s = -4*x + 284, 0 = x + 2*x - 5*s - 217. Let g = -2 + x. Let t = -39 + g. What are the prime factors of t?
2, 7
Suppose -4009 = 3*q - 4*p + 998, -3*q - 5001 = -2*p. Let x be q/(-18) - (-1)/(-2). Let d = x - -8. What are the prime factors of d?
2, 5
Suppose 1001 = 3*k + 2*k - 2*f, 2*k - 5*f = 392. Suppose -4*g = 101 + 71. Let s = g + k. List the prime factors of s.
2, 79
Let m(b) = -10*b + 7 + 1 + 20*b + 19*b. Let f(v) = 28*v + 8. Let a(p) = 4*f(p) - 3*m(p). What are the prime factors of a(5)?
7, 19
Let i be (-3)/(13 + -7)*(0 - 0). Suppose i = -5*h, g - 4*g - 3*h = -9. Suppose 2*r - 100 = -2*v, g*v + 2*r - 77 = 77. What are the prime factors of v?
2, 3
Let i = 23058 - 6346. List the prime factors of i.
2, 2089
Let q be (-2875)/(-17) + (-40)/340. Let r = q - 164. What are the prime factors of r?
5
Suppose -3*t = a - 8248, 18*a = 16*a + 2*t + 16496. List the prime factors of a.
2, 1031
Let f(m) = m**2 - 19*m + 21. Let d = 59 - 61. Let j(o) = -o**3 + 3*o**2. Let z be j(d). List the prime factors of f(z).
41
Let d = 9496 + -4005. What are the prime factors of d?
17, 19
What are the prime factors of ((-1203536)/22 - (-34)/187)*3/(-3)?
2, 17, 1609
Suppose -v + 7894 = y - 2446, 4*v - 2*y - 41378 = 0. Suppose v + 241 = 27*z. List the prime factors of z.
2, 7
Let x = -39 - -43. Let g = -1 + x. Suppose -5*m = -4*y + 55, -2*y - g*m + 48 = y. List the prime factors of y.
3, 5
Suppose -308*s + 1121590 + 1933310 = -104*s. List the prime factors of s.
5, 599
Let h = 57 - 13. Let x(s) = 4*s**3 - 31*s**2 + 18*s + 26. Let t be x(7). Let c = t + h. What are the prime factors of c?
7
Let p(l) = -55*l**3 - 5*l**2 - 12*l - 1. Let u be p(-2). Suppose -k = 3*n - u, -12 = 3*k - 27. List the prime factors of n.
2, 73
Suppose 4*a - 6*a + d + 22332 = 0, 11180 = a - 4*d. What are the prime factors of a?
2, 2791
Suppose -6049 = -p - 3*s, 13 - 23 = -5*s. List the prime factors of p.
6043
List the prime factors of 3/2*87168/18.
2, 227
Let b(o) = -32*o**3 + 18*o**2 + 83*o - 15. List the prime factors of b(-5).
2, 3, 5, 67
Let o(r) = 3*r**3 - 21*r**2 + 146*r - 142. What are the prime factors of o(12)?
2, 5, 13, 29
Let t(v) be the second derivative of v**3/3 - 8*v. Let o be t(2). Suppose 340 = o*k + 76. What are the prime factors of k?
2, 3, 11
Suppose 0 = -4*z - 4, -3*z - 402 = 4*d - 22015. List the prime factors of d.
2, 7, 193
Let v(u) = 3*u**2 - u + 44. Let p(x) = -7*x**2 - 86. Let y(o) = -4*p(o) - 7*v(o). List the prime factors of y(-8).
2, 107
Let x be -1599*(-8)/12*4/8. Suppose 5*i - 4*i = 363. Let u = x - i. What are the prime factors of u?
2, 5, 17
Let c = 62 - 61. Let s(f) = 6*f**3 + f**2 - 4*f + 3. Let i be s(c). Suppose 3750 = 9*n + i*n. What are the prime factors of n?
2, 5
Let h = 606 + -612. Let y(x) = -46*x + 7. What are the prime factors of y(h)?
283
Let z(a) = -3*a - 9. Let k be z(-5). Suppose -49 = k*f + 5. What are the prime factors of (-3)/f*-1 + (-275)/(-15)?
2, 3
Suppose -3*o = 710 - 680. What are the prime factors of (-3722)/o - 35/175?
2, 3, 31
Suppose 2 = 2*c - c. Suppose 0 = 2*j + 3*s - 632, -c*s = 2 + 2. List the prime factors of j.
11, 29
Let a = -203 + 361. Suppose a*p = 153*p + 1955. List the prime factors of p.
17, 23
Suppose 6*s + 689175 = 20*s + 13*s. List the prime factors of s.
5, 1021
Let b be 2 - (-3)/4*(-40)/15. Suppose -3*d - 2*n + 17 = b, -29 = -5*d - n - 2*n. Suppose -t - 258 = -d*t. List the prime factors of t.
43
Suppose 436*p + 24 = 442*p. Suppose -2*s = p*v - 3*v - 20, 7 = s - v. List the prime factors of s.
3
Let a(o) = -10*o + 6. Let f(w) = -4. Let y(x) = -1. Let z(i) = -f(i) + 5*y(i). Let d(t) = a(t) + 4*z(t). List the prime factors of d(-2).
2, 11
Let c = 50116 + -26995. What are the prime factors of c?
3, 7, 367
Let z(v) = 37*v**2 + 13*v. Let i(n) = -19*n**2 - 6*n. Let b(j) = 5*i(j) + 2*z(j). Let a be b(-6). List the prime factors of a/(-10) - 2/10.
73
Suppose -3*x - 4*p + 106912 = 0, -2*x + 1520*p + 71312 = 1518*p. What are the prime factors of x?
2, 557
Suppose 5*r = 2*x - 13745, 4*r - 7*r = -3*x + 20586. What are the prime factors of x?
3, 5, 457
Let o(b) = b**3 + 23*b**2 - 254*b + 335. List the prime factors of o(31).
3, 5, 2957
Suppose 82 = 158*i - 160*i. What are the prime factors of i/((-59)/182 - 8/(-28))?
2, 13, 41
List the prime factors of (-15166)/(6 - (-9)/((-9)/8)).
7583
Suppose 0 = -9*y + 12*y - 58*y + 167145. What are the prime factors of y?
3, 1013
Let p(h) = -8*h**2 - 5*h + 20. Let o(k) = 9*k**2 + 6*k - 20. Suppose 36 = -4*a + 12. Let q(y) = a*p(y) - 5*o(y). List the prime factors of q(5).
5, 11
Suppose -10*o + 38645 = -30355. What are the prime factors of o?
2, 3, 5, 23
Let a = -27 - -35. Let f be ((-6)/9*2)/(a/36). List the prime factors of f/((8/3)/(-4)).
3
Let z = 364 + -367. List the prime factors of 8*(7 - 118)/z.
2, 37
Let u(o) = o**2 - o + 54. Let i be u(10). Suppose -644 = -4*m - i. List the prime factors of m.
5
Let v = 21290 + -13713. What are the prime factors of v?
7577
Let v(s) = 3*s**2 - 3*s + 26. Let t be (1 + 2 + -3)*4/4. Let r be (t/1 + 4)*9/(-6). List the prime factors of v(r).
2, 19
Let m be (-3)/2*168/(-9). Let g(l) = -19*l - 4*l - 36*l - m*l. What are the prime factors of g(-1)?
3, 29
Let i(d) = -500*d - 5998. What are the prime factors of i(-32)?
2, 3, 1667
Let h = -66 + 45. Let q be (-2)/h*3 - 104/(-28). Suppose -4*c = -4*a - 199 - 261, a = -q*c + 480. What are the prime factors of c?
7, 17
Let r = 573 + -575. List the prime factors of ((-116)/(-8))/((-652)/328 - r).
29, 41
Let j(r) = -14*r**3 - 3*r**2 - 6*r - 4. Let t be j(-3). Suppose 0 = 24*y - t - 17083. What are the prime factors of y?
727
Suppose 3*b = -a + 1362, -4*b + a + 1887 - 57 = 0. What are the prime factors of b?
2, 3, 19
Let j(d) = 3*d**3 - 325*d**2 + 225*d + 701. What are the prime factors of j(108)?
13337
Let w(j) = 2*j**3 - 16*j**2 + 17*j - 25. Let o be w(12). Suppose -p + 0*v = -5*v - 453, -3*p + v = -o. List the prime factors of p.
443
Suppose 38*x = 46*x - 61952. Suppose -x = -35*a + 27*a. What are the prime factors of a?
2, 11
Let z = 35158 + -28041. List the prime factors of z.
11, 647
Suppose 5*u + 